{"id":1447,"date":"2024-03-01T17:24:24","date_gmt":"2024-03-01T20:24:24","guid":{"rendered":"https:\/\/tpaoficial.com\/?page_id=1447"},"modified":"2024-03-01T18:11:17","modified_gmt":"2024-03-01T21:11:17","slug":"carta-de-presentacion","status":"publish","type":"page","link":"https:\/\/tpaoficial.com\/index.php\/carta-de-presentacion\/","title":{"rendered":"CARTA DE PRESENTACI\u00d3N"},"content":{"rendered":"\n<p>Me defino como una persona apasionada de mi profesi\u00f3n, uno de los motivos de mi felicidad diaria junto a mi rol de madre, dos pilares que han forjado mi personalidad e impronta en lo que pienso, digo y llevo a cabo. &nbsp;Concurro a mi trabajo con \u00e1nimo y entusiasmo como si fuese siempre el d\u00eda uno. Valoro cada instante vivido, cada sesi\u00f3n es un aprendizaje, un motivo para descubrir algo nuevo para mis pacientes alumnos.<\/p>\n\n\n\n<p>Me motiva la creatividad en lo que hago y en mis proyectos, con empat\u00eda descubro las necesidades como si fuesen m\u00edas, pues al ponerme de su lado, entiendo lo que hace falta y lo pongo al servicio<\/p>\n\n\n\n<p>Me considero hiperactiva, es por ello que lo que brindo es lo que soy, ACTIVAR CUERPO Y MENTE &nbsp;sea la edad que sea y las circunstancias que fuesen, no abandonarse por victimizaciones llamadas diagn\u00f3sticos encubiertas con f\u00e1rmacos y reparadas con reposos prolongados.<\/p>\n\n\n\n<p>No podr\u00eda crecer si no es gracias a la participaci\u00f3n y compromiso de todos mis alumnos, su confianza y dedicaci\u00f3n mancomunada&nbsp;<\/p>\n\n\n\n<p>Entiendo que no me fue nada f\u00e1cil implementar un estilo de trabajo diferente, no mutualizado, no marketinero, hecho a pulm\u00f3n y con dedicaci\u00f3n, deb\u00ed ayornar mis bases terap\u00e9uticas europeas a mi &nbsp;pa\u00eds tan real con todas sus condimentos socioecon\u00f3micos y sanitarios .<\/p>\n\n\n\n<p>Se logra aunque muchas veces a pasos muy lentos, sin permitirme nunca caer en des\u00e1nimo.<\/p>\n\n\n\n<p>Todo lo contrario abr\u00ed la posibilidad para que mis colegas y profesionales afines motivados en aprender de esta &nbsp;creaci\u00f3n TPA fruto de mis experiencias, lleven TPA &nbsp;a m\u00e1s hogares, m\u00e1s ciudades, descentralizar cl\u00ednicas y hospitales y as\u00ed poder activar a m\u00e1s personas con o sin diagn\u00f3sticos a una vida sana y saludable, como emisores de la SALUD FISICA CORPORAL.<\/p>\n\n\n\n<p>Queda mucho por recorrer, est\u00e1 todo dado para que as\u00ed sea y dispuesta para continuar esta hermosa tarea de crecer y trascender, m\u00e1s all\u00e1 de nuestras fronteras, creo en la diversidad, en los intercambios, en entrelazar culturas y aprendizajes en vida.<\/p>\n\n\n\n<p>Invito a incluir educaci\u00f3n postural y biomec\u00e1nica integral de las asignaturas pr\u00e1cticas en las escuelas primarias, &nbsp;secundarias y facultades de la salud para que la &#8220;prevenci\u00f3n&#8221; &nbsp;hoy sea una prioridad.<\/p>\n\n\n\n<p>Contar con una &nbsp;poblaci\u00f3n m\u00e1s activa desde temprana edad, adultos \u00e1vidos &nbsp;en sus trabajos y en sus rutinas de la vida diaria.<\/p>\n\n\n\n<p>Sin APRENDIZAJE no habr\u00e1 reconocimiento para que lleguen los &nbsp;cambios favorables.<\/p>\n\n\n\n<p>Mis agradecimientos y un c\u00e1lido abrazo.<br><br>LIc. Silvina Lambertini<\/p>\n\n\n\n<div class=\"wp-block-buttons is-layout-flex wp-block-buttons-is-layout-flex\">\n<div class=\"wp-block-button\"><a class=\"wp-block-button__link wp-element-button\" href=\"http:\/\/www.tpavianett.com\/lic-silvina-lambertini\/\" target=\"_blank\" rel=\"noreferrer noopener\">CV: Lic. Silvina Lambertini<\/a><\/div>\n<\/div>\n\n\n\n<figure class=\"wp-block-image size-full\"><img fetchpriority=\"high\" decoding=\"async\" width=\"699\" height=\"80\" src=\"https:\/\/tpaoficial.com\/wp-content\/uploads\/2024\/02\/vianett-sertificacion.png\" alt=\"\" class=\"wp-image-1376\" srcset=\"https:\/\/tpaoficial.com\/wp-content\/uploads\/2024\/02\/vianett-sertificacion.png 699w, https:\/\/tpaoficial.com\/wp-content\/uploads\/2024\/02\/vianett-sertificacion-300x34.png 300w, https:\/\/tpaoficial.com\/wp-content\/uploads\/2024\/02\/vianett-sertificacion-600x69.png 600w\" sizes=\"(max-width: 699px) 100vw, 699px\" \/><\/figure>\n","protected":false},"excerpt":{"rendered":"<p>Me defino como una persona apasionada de mi profesi\u00f3n, uno de los motivos de mi felicidad diaria junto a mi rol de madre, dos pilares que han forjado mi personalidad e impronta en lo que pienso, digo y llevo a cabo. &nbsp;Concurro a mi trabajo con \u00e1nimo y entusiasmo como si fuese siempre el d\u00eda [&hellip;]<\/p>\n","protected":false},"author":1,"featured_media":0,"parent":0,"menu_order":0,"comment_status":"closed","ping_status":"closed","template":"","meta":{"_monsterinsights_skip_tracking":false,"_monsterinsights_sitenote_active":false,"_monsterinsights_sitenote_note":"","_monsterinsights_sitenote_category":0,"site-sidebar-layout":"default","site-content-layout":"","ast-site-content-layout":"default","site-content-style":"default","site-sidebar-style":"default","ast-global-header-display":"","ast-banner-title-visibility":"","ast-main-header-display":"","ast-hfb-above-header-display":"","ast-hfb-below-header-display":"","ast-hfb-mobile-header-display":"","site-post-title":"","ast-breadcrumbs-content":"","ast-featured-img":"","footer-sml-layout":"","theme-transparent-header-meta":"","adv-header-id-meta":"","stick-header-meta":"","header-above-stick-meta":"","header-main-stick-meta":"","header-below-stick-meta":"","astra-migrate-meta-layouts":"set","ast-page-background-enabled":"default","ast-page-background-meta":{"desktop":{"background-color":"","background-image":"","background-repeat":"repeat","background-position":"center center","background-size":"auto","background-attachment":"scroll","background-type":"","background-media":"","overlay-type":"","overlay-color":"","overlay-gradient":""},"tablet":{"background-color":"","background-image":"","background-repeat":"repeat","background-position":"center center","background-size":"auto","background-attachment":"scroll","background-type":"","background-media":"","overlay-type":"","overlay-color":"","overlay-gradient":""},"mobile":{"background-color":"","background-image":"","background-repeat":"repeat","background-position":"center center","background-size":"auto","background-attachment":"scroll","background-type":"","background-media":"","overlay-type":"","overlay-color":"","overlay-gradient":""}},"ast-content-background-meta":{"desktop":{"background-color":"var(--ast-global-color-5)","background-image":"","background-repeat":"repeat","background-position":"center center","background-size":"auto","background-attachment":"scroll","background-type":"","background-media":"","overlay-type":"","overlay-color":"","overlay-gradient":""},"tablet":{"background-color":"var(--ast-global-color-5)","background-image":"","background-repeat":"repeat","background-position":"center center","background-size":"auto","background-attachment":"scroll","background-type":"","background-media":"","overlay-type":"","overlay-color":"","overlay-gradient":""},"mobile":{"background-color":"var(--ast-global-color-5)","background-image":"","background-repeat":"repeat","background-position":"center center","background-size":"auto","background-attachment":"scroll","background-type":"","background-media":"","overlay-type":"","overlay-color":"","overlay-gradient":""}},"footnotes":""},"aioseo_notices":[],"_links":{"self":[{"href":"https:\/\/tpaoficial.com\/index.php\/wp-json\/wp\/v2\/pages\/1447"}],"collection":[{"href":"https:\/\/tpaoficial.com\/index.php\/wp-json\/wp\/v2\/pages"}],"about":[{"href":"https:\/\/tpaoficial.com\/index.php\/wp-json\/wp\/v2\/types\/page"}],"author":[{"embeddable":true,"href":"https:\/\/tpaoficial.com\/index.php\/wp-json\/wp\/v2\/users\/1"}],"replies":[{"embeddable":true,"href":"https:\/\/tpaoficial.com\/index.php\/wp-json\/wp\/v2\/comments?post=1447"}],"version-history":[{"count":3,"href":"https:\/\/tpaoficial.com\/index.php\/wp-json\/wp\/v2\/pages\/1447\/revisions"}],"predecessor-version":[{"id":1454,"href":"https:\/\/tpaoficial.com\/index.php\/wp-json\/wp\/v2\/pages\/1447\/revisions\/1454"}],"wp:attachment":[{"href":"https:\/\/tpaoficial.com\/index.php\/wp-json\/wp\/v2\/media?parent=1447"}],"curies":[{"name":"wp","href":"https:\/\/api.w.org\/{rel}","templated":true}]}}